04322
In base 2, what is -101111100110100101 + -1010110?
-101111100111111011
In base 10, what is 4656574 + -7?
4656567
In base 8, what is -107605040 - -4?
-107605034
In base 5, what is -130121111321 - 3?
-130121111324
In base 13, what is 191278 + 4?
19127c
In base 14, what is -4d3 + ca24?
c531
In base 11, what is 3 - 21a6946a?
-21a69467
In base 7, what is -2104362453 + 0?
-2104362453
In base 7, what is -6266 - -135426?
126130
In base 16, what is -4c92 - 23?
-4cb5
In base 4, what is 10 + 20112122302?
20112122312
In base 4, what is 12 - -1133012201?
1133012213
In base 9, what is -1587 - 126148?
-127746
In base 4, what is -13030 - -3300200311?
3300121221
In base 4, what is 11012312121303 + 0?
11012312121303
In base 3, what is 1012101200 - -1212001?
1021020201
In base 10, what is -980515 + 61?
-980454
In base 13, what is 2b12b682 + -3?
2b12b67c
In base 8, what is 271 - 62532?
-62241
In base 4, what is 10 - 102000001122?
-102000001112
In base 7, what is -1253 + 23400?
22114
In base 11, what is -1291 + -5243?
-6524
In base 10, what is 287163 - -1711?
288874
In base 5, what is -40 + 11331040?
11331000
In base 12, what is -4b + ab7438?
ab73a9
In base 15, what is -d + 3023c?
3022e
In base 8, what is -22404371 - -46?
-22404323
In base 4, what is 2313 - -20131301?
20200220
In base 4, what is -120010 + 113322032?
113202022
In base 4, what is -13223020012302 + 0?
-13223020012302
In base 11, what is -3 + a419202?
a4191aa
In base 6, what is -4305514315 - 22?
-4305514341
In base 10, what is 7 + -41780456?
-41780449
In base 7, what is 5052055 - 23?
5052032
In base 13, what is 9bc4 + 69?
9c60
In base 12, what is -5 - 217a86?
-217a8b
In base 2, what is 101011 + 10111011101010101001?
10111011101011010100
In base 12, what is -121a989 - -19?
-121a970
In base 14, what is 12cc + a01?
1ccd
In base 7, what is -426006214 + 2?
-426006212
In base 8, what is 114071061 - 15?
114071044
In base 14, what is -45cd + -ca?
-46b9
In base 13, what is 193 + -11c216?
-11c053
In base 14, what is 1c25 + -905?
1320
In base 16, what is -21169bc + 2?
-21169ba
In base 16, what is -6b254 + 7?
-6b24d
In base 2, what is 111 - -100111001000011100101110?
100111001000011100110101
In base 4, what is 13211 + -13120333?
-13101122
In base 15, what is 1e06 - -146?
204c
In base 2, what is 1 + -1101001000010111011001?
-1101001000010111011000
In base 12, what is 68b + 1b3?
882
In base 16, what is -1071 - 71b?
-178c
In base 9, what is -3004714 + 7?
-3004706
In base 2, what is -111101 + 11110000101000101?
11110000100001000
In base 7, what is -43040 - 1313?
-44353
In base 13, what is -41525 - -ac6?
-4072c
In base 13, what is 1c873a + 28?
1c8765
In base 10, what is -2 + -7782965?
-7782967
In base 5, what is 2 + 4042343132?
4042343134
In base 10, what is 3833164 - 5?
3833159
In base 3, what is -21102101110 + -11112?
-21102112222
In base 12, what is -a229 + -18b9?
-bb26
In base 6, what is -32330102 + 15?
-32330043
In base 16, what is -85a74 + -e?
-85a82
In base 11, what is 241119 + -34?
241095
In base 16, what is f2eb + -29e?
f04d
In base 16, what is f9a - -14b3?
244d
In base 15, what is 10 - -b1117?
b1127
In base 11, what is -594 + 180383?
17a89a
In base 14, what is -3 - -1c20378?
1c20375
In base 4, what is 212131200223 + -1?
212131200222
In base 8, what is -66164000 - 4?
-66164004
In base 8, what is -34704357 - -5?
-34704352
In base 11, what is 585 - 9052?
-8578
In base 8, what is 0 + -21316205?
-21316205
In base 6, what is -1225300 - 4?
-1225304
In base 13, what is -27c937 + 0?
-27c937
In base 13, what is a91774 + 5?
a91779
In base 2, what is -1100001011101010101101 - -1110010?
-1100001011101000111011
In base 15, what is 46a - 4d62?
-48e7
In base 3, what is 11 + -201112101201?
-201112101120
In base 10, what is -1213 - -54734?
53521
In base 7, what is 265154030 - 0?
265154030
In base 8, what is 1 - 4277125?
-4277124
In base 7, what is 0 + 12426343?
12426343
In base 14, what is d90665d - -2?
d906661
In base 10, what is -1839332 - -14?
-1839318
In base 2, what is 1100111000100001000100001 + -10110?
1100111000100001000001011
In base 3, what is -10212222112002 + -210?
-10212222112212
In base 7, what is -3212442 + 33?
-3212406
In base 9, what is -378 + 4125225?
4124736
In base 4, what is 2201 - -303030000?
303032201
In base 6, what is -4312 + -23433533?
-23442245
In base 8, what is -274 - 6273425?
-6273721
In base 5, what is 4 - -1303442030?
1303442034
In base 9, what is 3 - 40437514?
-40437511
In base 10, what is 86 + 7128?
7214
In base 12, what is 161200 + -941?
16047b
In base 4, what is -1130102103 - -212?
-1130101231
In base 9, what is -25422826 + 0?
-25422826
In base 10, what is -250956 + 113?
-250843
In base 15, what is 3 - 85b694?
-85b691
In base 16, what is 1a - e6a6d?
-e6a53
In base 11, what is 1 - -120293498?
120293499
In base 7, what is -3523611 - -4214?
-3516364
In base 4, what is -13302000033312 - -2?
-13302000033310
In base 15, what is 2 - -70deec8?
70deeca
In base 7, what is 35164141 - 2?
35164136
In base 5, what is 3040303313 + 3?
3040303321
In base 10, what is -6713 + -20546?
-27259
In base 2, what is -10111000111110 + 10001000011101100?
1110001010101110
In base 13, what is 0 + 280a74?
280a74
In base 6, what is -11 + -200523300?
-200523311
In base 3, what is -1022101022020 + -200111?
-1022101222201
In base 9, what is 118 - -1016360?
1016478
In base 7, what is 133035 + 165?
133233
In base 9, what is -4471 + 5061?
480
In base 2, what is -10000111111 + -111111011100111100?
-111111101101111011
In base 7, what is -334 + 14142?
13505
In base 11, what is 246216 - -20?
246236
In base 2, what is -10011011000 - -1000110101110?
110011010110
In base 16, what is 5c18154 + 4?
5c18158
In base 7, what is -24066 + 161?
-23605
In base 7, what is -4 - -33023556?
33023552
In base 14, what is -382 - 2436?
-27b8
In base 3, what is 12120112211122 + 100?
12120112211222
In base 11, what is -89a287 - 4?
-89a290
In base 2, what is 1111 + -110001011110100111001000?
-110001011110100110111001
In base 16, what is 5 - -84d5479?
84d547e
In base 3, what is -2212012 + 2001221?
-210021
In base 11, what is -59805 - 43?
-59848
In base 11, what is 68958 + -84?
68884
In base 5, what is -314 - 10230012034?
-10230012403
In base 2, what is -101011001111110111010001 + 10100?
-101011001111110110111101
In base 9, what is 184700 + 234?
185034
In base 3, what is -121112 - -1012021212?
1011200100
In base 3, what is 1011110110200200 + -20?
1011110110200110
In base 6, what is 141521114 - -22?
141521140
In base 3, what is 20001002210 - -10101?
20001020011
In base 11, what is 18116 + 2a?
18145
In base 16, what is 96e6be - -2?
96e6c0
In base 10, what is -15 - 4971577?
-4971592
In base 5, what is -3 - 11322204131?
-11322204134
In base 11, what is 4227 - 2a41?
1296
In base 5, what is 1 - -20141122003?
20141122004
In base 11, what is 63161 - -373?
63524
In base 9, what is 53274531 - 27?
53274503
In base 13, what is b - 1799?
-178b
In base 3, what is -101022122022 - 2012?
-101022201111
In base 5, what is -142422 - -143?
-142224
In base 14, what is ab531a0 - 3?
ab5319b
In base 5, what is 2 - 2234420324?
-2234420322
In base 7, what is -21 - 166600531?
-166600552
In base 12, what is -2831 - 3909?
-653a
In base 3, what is 200011222121 + -221?
200011221200
In base 16, what is -111cbdd - 10?
-111cbed
In base 16, what is a84c9d + a?
a84ca7
In base 9, what is 11025413 - -2?
11025415
In base 14, what is -2c9a - 57c17?
-5aab3
In base 6, what is -4 + -1003215505?
-1003215513
In base 10, what is 1 - 178078999?
-178078998
In base 13, what is -15939 - 8c?
-159c8
In base 3, what is -1102010 + -102210111121?
-102211220201
In base 4, what is 310222010300 - -32?
310222010332
In base 5, what is 214113301402 + -1?
214113301401
In base 14, what is -6 - 1a40dbb8?
-1a40dbc0
In base 4, what is 11 + -300330232220?
-300330232203
In base 3, what is 2101000002 + 12011?
2101012020
In base 13, what is 1014776 - -52?
10147c8
In base 9, what is 65 - -226152?
226227
In base 7, what is 2 - 2146205524?
-2146205522
In base 13, what is -3 + 15844750?
1584474a
In base 11, what is -66aa95 - -1a?
-66aa76
In base 6, what is 3 + 115053423?
115053430
In base 5, what is -42002004 + 21114?
-41430340
In base 15, what is 0 - 9c26b2?
-9c26b2
In base 3, what is -21002010220 + -12110100?
-2102112